1.
8
-297 + 302 + -1 + 5
9
Evaluate 19 - (-19 + 36 + -17).
19
What is the value of (0 - 22) + 16 - (-5 - -2 - 1)?
-2
Calculate 9 - ((11 - (5 + 0)) + 5).
-2
Calculate -5 - (1 - (10 + -6 + -4 - -4)).
-2
Evaluate 1 - (9 + -5) - (2 - 9) - -3.
7
Calculate -14 - (-32 + 17 + (-17 - -7)).
11
Evaluate -3 - (24 + (-4 - -10)) - -14.
-19
67 - 50 - (-11 + 9)
19
What is (37 + -48 - -3) + -31?
-39
Evaluate (-9 - 22) + 21 + 25.
15
-20 + (0 - -7) - -6 - -5
-2
What is the value of -6 + (-14 - -8) + -1 + -12?
-25
What is the value of -18 - -32 - (-3 - (-2 - 18))?
-3
Calculate 52 + (-42 - 15) + -2 + 18.
11
What is (115 - 135) + (-5 - -34)?
9
1 + -10 + (-17 - -10 - -8)
-8
-17 - (-45 + 42 + (-1 - 4))
-9
5 - ((1 - 1) + 13 + (144 - 147))
-5
What is -12 - -5 - 6 - (-53 + 31)?
9
Calculate 5 + 5 + 4 + 157 + -159.
12
2 - 1 - (-12 + 20) - -2 - -24
19
What is the value of -4 + 21 - (18 - 18)?
17
Evaluate (-12 - -10 - 14) + 19.
3
Evaluate -28 - (16 - 21 - 11).
-12
What is 1 - (5 + -14 + 3 - (-2 + 6))?
11
(-2 + -1 - (-38 + 17 + 16)) + -13
-11
Calculate -24 - ((-15 - -4) + 1) - 6.
-20
15 - 8 - (-4 + 3)
8
What is the value of (-56 - -66 - (9 - -1)) + 10 + 11?
21
Calculate -9 + 7 + -8 + 9 - 7.
-8
What is (3 - -5) + 3 - 10?
1
Evaluate -17 - (0 - (21 - 5)).
-1
Evaluate 17 + (5 - 7 - 2) + 4 + -7.
10
Evaluate -16 + (-22 - -23) + 30.
15
What is the value of 2 - (2 + -12 + 6 + 6) - -9?
9
What is -37 + -24 + 26 + (7 - 3) - -8?
-23
Evaluate -3 - (1 + (-9 - 3)) - (1144 + -1145).
9
What is 12 - (-1 - (-6 + 12) - -12)?
7
Calculate 9 + -38 + (-1 - -19).
-11
What is the value of 45 + -47 + (23 - (3 + -1))?
19
What is the value of (-6 - (-2 - 1)) + (-23 - -17)?
-9
Calculate 8 + (7 - 10) + 2 + -2 + -16.
-11
-15 + (-24 - -70 - 28)
3
Evaluate 13 - (-8 + 17 + -7 + -1).
12
Calculate 31 + -73 + 60 + (5 - 1).
22
13 - ((2 - 7) + 6)
12
4 + -14 - (-1 + -14)
5
Evaluate -9 - -2 - (5 + -16 + 5).
-1
20 - (-1 + -7 + -1 - (-197 + 199))
31
(0 - -3 - 4) + -42 + 43
0
What is the value of -5 - (16 + -9 + -10 + -6 + -3)?
7
What is the value of (-22 - -6 - -13) + -8?
-11
9 - ((16 - 0) + -3 + 13 + -14)
-3
Evaluate -6 + -2 - (-213 + 220).
-15
What is the value of -3 + -9 + -12 + 13?
-11
Evaluate 10 + -1 + (-6 - -5) - (-4 - -23).
-11
Evaluate (-60 + 34 - -27) + (-6 - (-3 + 2)).
-4
Evaluate -14 + 15 - (7 - 11).
5
28 - 16 - 11 - (-5 - (6 - 45))
-33
1 + -6 - (-16 + 2 - -7 - -8)
-6
What is (-32 - -14 - -10) + 37?
29
What is (7 - (-3 + 16)) + (-5 - (4 - 17))?
2
33 - (7 + -39 - -52)
13
Evaluate 1 + -2 + 141 + -133.
7
Evaluate -11 - 2 - (18 + -16 - 31).
16
-179 + 164 + (6 - -5)
-4
Calculate (-2 - (-15 - -3)) + -13 + (4 - -8).
9
Calculate 72 + -79 + (-33 - 1 - (-44 - -39)).
-36
What is -11 + (-3 - -13 - -11)?
10
-4 + -12 + 11 - -26
21
What is the value of -13 + ((-4 - -14) + -5 - -12)?
4
Evaluate 3 + (-9 - -1 - 4).
-9
(88 - 85 - (-2 - 0)) + -21
-16
What is the value of -6 + -15 + 33 + -25?
-13
Evaluate -10 + -15 + 5 + 9 - 1.
-12
What is the value of 0 - (-8 - (3 - (6 - (5 + 1))))?
11
Evaluate (6 - -3) + (-1 + -2 + 5 - 6).
5
What is the value of -41 + 48 - (2 + -2 - 1) - 25?
-17
What is the value of (-24 - -11 - -26) + 1?
14
Evaluate 0 + 4 + (361 + -351 - (1 + 9)).
4
Evaluate 8 + -2 + (-10 + 16 - 16).
-4
Calculate -4 + 9 - (18 + -12) - (-2 - 0).
1
(-12 - (-31 + 27)) + 3 + (-18 - -1)
-22
11 + (-11 + 4 - (-1 - -4))
1
What is 0 + -17 - (-24 + 12 + 12)?
-17
6 + -37 + 35 + -14
-10
What is 6 + -10 + (1 - (4 + -9))?
2
Evaluate (-7 - -2 - 3) + (-13 - (8 + -19)).
-10
Evaluate (25 - 12 - 14) + -12.
-13
Calculate 5 + 2 + 1 + -10 + 1 + -6.
-7
Evaluate -6 + -9 + 10 - -13 - 18.
-10
Evaluate 5 + 3 + 26 + -19 + 2.
17
What is 7 + -24 + (11 - (7 + 6))?
-19
0 + -17 - (-9 + 7)
-15
What is -12 + (7 - 8) - -27?
14
Evaluate -16 + (0 - (-21 + 15)).
-10
Evaluate (-3 - (7 + -1)) + (-19 - -25).
-3
What is 14 + -13 + -7 + -2 + 3?
-5
What is -15 - (-22 + 20 + -33)?
20
What is (9 - 16) + -17 + 25?
1
Evaluate 46 + -43 - ((7 - -9) + 4 + 0).
-17
Evaluate -9 + -10 + 48 + 4 + -6.
27
5 - (-3 - -15 - 10)
3
Calculate -10 + -17 + (0 - -16).
-11
What is (-13 + 37 - -12 - 15) + 3 + -7?
17
What is the value of -3 + 22 + (-18 - 10)?
-9
What is the value of 18 + 3 + (-52 - -10 - -25)?
4
What is 2 + -27 - (374 + -367)?
-32
Evaluate 59 + -91 - (-13 - 1).
-18
What is the value of 3 + (4 - (-13 - -8) - (2 + -7))?
17
Calculate 9 - (8 - -1) - (8 - -2).
-10
What is (-4 - -12) + (-11 + 0 - (-2 - 7))?
6
2 + (1 - 4) + (-1248 - -1247)
-2
What is the value of 0 - -20 - 17 - (-1 + 1)?
3
What is the value of 0 + (-2 - ((-12 - -22 - -10) + 8))?
-30
What is the value of -3 - (26 + -26 + 4 + 0)?
-7
Calculate -192 + 174 - (0 + -27).
9
Calculate (-2 + 2 + -10 - (-2 + 4)) + 1.
-11
Calculate (39 - 34) + -12 + 3.
-4
Calculate (-1 - 18) + -32 + 39 - 15.
-27
(-4 - (-21 + 1)) + (-5 - (-1 - -1))
11
-18 + -2 + 4 + 14 + -23
-25
What is the value of -3 - (-5 + 2) - 4 - (29 - 48)?
15
-25 + -6 + 32 + 3
4
Evaluate 1 + -7 + (1 - (9 + -3) - -21).
10
Evaluate (1 - -6) + (-12 - (5 - 8)).
-2
-23 + 2 + 11 - (-3 + 1)
-8
What is the value of -8 + 11 - (0 + (-7 - -11)) - -2?
1
Evaluate (-1 - 9) + 18 - -9.
17
-46 - ((-35 - -13) + -4)
-20
4 - 20 - (-2 + -4 + 3 + -3)
-10
What is the value of -4 - 14 - -18 - 3 - (-1 - 17)?
15
Calculate 1 + -9 + (9 - (-5 + (0 - -7))).
-1
What is the value of -14 - ((-50 - -46) + 6 + -4)?
-12
63 + -80 - (-18 + -1)
2
Calculate 13 + 0 + (1 - 2) + -8.
4
Calculate -25 + (-9 - -2) + 43.
11
What is (529 - 538) + -2 + 8 + 2?
-1
-9 + (-1 - (20 + -13)) - -8
-9
(-4 + 0 + 0 - (-219 + 210)) + -8
-3
Evaluate 151 + -154 + (24 - 2).
19
Calculate -3 - (-14 - -17 - -3).
-9
What is the value of -1 - -13 - (-66 - -94)?
-16
5 - (-6 - (-2 - (-2 + 3 + 1)))
7
What is the value of (19 - 16) + (-3 - -3) + 2 - 10?
-5
Calculate 7 - (-4 + (0 - -1)) - 19.
-9
What is the value of -1 + -13 - (-33 - -32)?
-13
6 + 2 + -21 + -18 + 25 - 7
-13
15 + (20 - 7 - 21)
7
Calculate 9 - 12 - (11 - 10).
-4
Evaluate (-19 + 2 - -10) + 1 + 4.
-2
Calculate 1 - -2 - ((1 - 10) + (-280 - -299)).
-7
(4 - (12 - -10)) + -2
-20
13 + (12 - (12 - -6))
7
What is -56 + 51 + (3 - 3) + 7?
2
3 - 16 - (0 + -7)
-6
Calculate 1 + (1 - 12) - (-81 - -108 - 33).
-4
What is the value of 238 + -219 + (3 - 30)?
-8
Evaluate 14 - 9 - 7 - (-5 + 3).
0
What is (0 - (1 + 0)) + 49 + -45?
3
Calculate (-5 - 4) + (-3 + 5 - 7).
-14
2 + 0 + 5 - (-7 + 24 + -12)
2
14 + 0 - (73 - (-11 + 57))
-13
What is the value of 5 + -33 + (-4 - ((5 - 1) + -12))?
-24
Calculate 8 + (-6 + 4 - -7) + 0 + -7.
6
What is the value of (5 - (-9 + (9 - 5) - -14)) + 16?
12
Calculate 4 - (-22 - -17) - (2 - -17).
-10
What is 6 - (-14 - 1 - (-31 - -38))?
28
Calculate 99 + -95 - (-3 + -15).
22
What is the value of 10 + (-3 - 3) + -7 + 3 + -4?
-4
What is 0 + (-1 + 3 - (-19 + (-3 - -19)))?
5
Evaluate 4 + -21 + (-12 - -14).
-15
Calculate 5 + 1 + 16 - (14 + -2).
10
Evaluate (-8 - -2 - (12 + -7 + -34)) + -6.
17
Calculate 6 - ((-3 + -24 - -9) + 9).
15
What is -7 + (8 + -10 - -19)?
10
What is 19 - (-86 + 80 + (12 - -2))?
11
Evaluate 5 + -3 + -8 + 10 + 3.
7
Evaluate -18 + -2 + 44 - 9.
15
What is the value of -36 - -41 - (-12 - (-4 + 2 + -3))?
12
Evaluate 4 - (3 - -4) - -4 - (-10 + 3).
8
What is the value of 2 + (1 - -9) - (-38 + (85 - 36))?
1
What is 19 + -15 + 9 + -1?
12
Calculate (2 - 4) + 6 - (-77 - (68 + -135)).
14
Evaluate (-3 - (6 + 5)) + -10 + 6 + 2.
-16
Calculate 11 + 18 + 9 - 19.
19
What is the value of -7 - (3 - (-10 + -8 + 10))?
-18
-11 - (-19 + -11 + 14)
5
What is -3 - 7 - (0 + 0) - -18?
8
What is (1 - -23 - -5) + -4?
25
(-14 - 8) + (-18 - -44)
4
Calculate (13 - (-6 + 1)) + -14.
4
Calculate 14 - ((11 + 3 - 19) + 0 + 15).
4
What is 22 - (6 + -13 + 14) - 14?
1
Calculate 10 - (24 + 8 - -1).
-23
8 + ((2 - 0) + -1 - 4)
5
(-5 - -2) + 6 - 16 - (-6 + 5)
-12
What is 8 - 42 - -65 - -1?
32
Evaluate -7 - ((2 - 1) + -58 + 59).
-9
Evaluate -11 + 0 + 10 + 23.
22
What is the value of -1 - (-1 + 0 + -35 + 36)?
-1
What is (14 - 34) + 19 + 20?
19
What is (233 - 225) + 2 + 11 - 12?
9
What is the value of -8 + 21 - (-11 + 6)?
18
Evaluate -12 + 5 + 10 - (-3 + 0 + -7).
13
13 - (3 + 0 + -18 + 16)
12
What is the value of -13 + 18 + 14 + -7?
12
Calculate -1 + (24 - 20 - (2 - -2)) - 14.
-15
What is 0 - (-22 + (0 - -9))?
13
What is (31 + -36 - (-1 - 9)) + (-3 - 5)?
-3
Evaluate (2 - -30) + -8 + -16 + 13 + 4.
25
What